o base 13.
-373b13
What is 12163015 (base 8) in base 16?
28e60d
Convert -1003110300 (base 4) to base 10.
-275760
What is -2865373 (base 11) in base 2?
-10010110010110000001010
Convert -57667251 (base 8) to base 3.
-212121101110202
What is 1891558 (base 11) in base 15?
43145c
What is 20030214 (base 5) in base 3?
22000222200
What is 115511 (base 7) in base 5?
1134201
325114 (base 12) to base 10
796768
1340131 (base 5) to base 10
27541
Convert 1100101110100111100 (base 2) to base 13.
117ac5
Convert ab9e0 (base 15) to base 7.
4431462
What is -43a38 (base 14) in base 10?
-163906
Convert 100110001001110110101010 (base 2) to base 15.
d2878e
What is -c1f122 (base 16) in base 9?
-25822070
-5433120 (base 8) to base 2
-101100011011001010000
Convert -5155aa (base 11) to base 12.
-33a8b8
Convert 220550151 (base 6) to base 9.
7412274
What is 5419ab (base 15) in base 14?
76374c
What is -65824 (base 13) in base 10?
-183733
-6c29b (base 13) to base 8
-603064
What is 2883b (base 15) in base 10?
130106
Convert 1000101111101011001 (base 2) to base 15.
59d88
What is 111000012211 (base 3) in base 10?
256036
-2755431 (base 9) to base 13
-40c8a9
-15b8b58 (base 12) to base 13
-c08390
What is -1a7b642 (base 12) in base 5?
-2420430003
What is -11a626 (base 11) in base 10?
-189756
Convert 2424 (base 10) to base 5.
34144
-849188 (base 11) to base 12
-556680
What is 1011021000122 (base 3) in base 15?
c2498
221203200 (base 5) to base 12
3a3534
What is 11010111111111 (base 2) in base 3?
200221222
Convert -3d114 (base 15) to base 3.
-100221212001
Convert 18166d (base 14) to base 13.
239689
-1011111101101100100 (base 2) to base 15
-7b25b
Convert -17cb6 (base 16) to base 14.
-27738
What is a6625a (base 13) in base 8?
16675043
What is -13005320 (base 7) in base 8?
-4375376
What is 11010110011111110111 (base 2) in base 11?
550102
6780151 (base 9) to base 16
37c3cc
Convert -1286447 (base 10) to base 2.
-100111010000100101111
What is 24641 (base 14) in base 12?
43641
42232204 (base 6) to base 4
10231001230
273c30 (base 14) to base 13
385ab1
What is 454380 (base 10) in base 4?
1232323230
-34207 (base 8) to base 13
-6782
Convert 185530 (base 10) to base 6.
3550534
5f62d (base 16) to base 13
108aac
What is -1000101110100101100 (base 2) in base 6?
-10044020
Convert 31662312 (base 7) to base 3.
12002101200210
What is 36117a (base 11) in base 16?
8bc7a
Convert edea1e (base 15) to base 12.
3969a48
-111001100110101101 (base 2) to base 11
-1512aa
Convert aa07 (base 13) to base 16.
5c73
What is a225b (base 13) in base 14?
77ba2
What is -1123132012 (base 4) in base 3?
-201000221101
-10244333 (base 5) to base 2
-10101010110101100
What is -21516 (base 9) in base 6?
-150023
110002120202011 (base 3) to base 8
30412751
What is 5e207c (base 15) in base 11?
2602336
What is -17f1c (base 16) in base 7?
-555636
Convert -7bd120 (base 15) to base 13.
-12c2085
Convert -336446 (base 7) to base 8.
-165010
-525145 (base 6) to base 7
-235151
Convert -22210202 (base 3) to base 6.
-45415
What is 83b85 (base 14) in base 5?
40132313
-2202222221222 (base 3) to base 12
-5b2345
Convert -152a81 (base 12) to base 7.
-3016201
-82168a (base 12) to base 2
-111110000110010001010
What is 32031213 (base 4) in base 7?
331503
What is -390db5 (base 14) in base 2?
-111011110111111000011
322323022012 (base 4) to base 6
1311024154
What is 1a30153 (base 11) in base 5?
1334114143
Convert 26550553 (base 7) to base 12.
9a1507
63480 (base 15) to base 2
1001100111000001111
What is -2736571 (base 8) in base 5?
-144110101
What is 40ec (base 16) in base 14?
60b2
-2762 (base 14) to base 4
-1230202
145b8d0 (base 14) to base 12
3397b7a
Convert 814142 (base 13) to base 5.
1232223131
Convert 3bacb9 (base 16) to base 5.
2000121331
202001102201 (base 3) to base 9
661381
What is 2044301 (base 6) in base 2?
11000010010001101
What is 3020022210 (base 4) in base 12?
336570
Convert 21524a (base 15) to base 10.
1586770
Convert 3dd8d (base 14) to base 15.
30798
What is -1402215 (base 6) in base 3?
-10222101002
What is -5110532 (base 6) in base 7?
-2030102
-1660c (base 15) to base 10
-72237
Convert -553b0f (base 16) to base 9.
-11453100
What is -2021b0 (base 15) in base 4?
-11310202002
Convert 1a1a3 (base 14) to base 8.
201223
Convert 3550560 (base 8) to base 13.
280037
Convert -11110111011000101 (base 2) to base 9.
-212664
Convert 58996 (base 16) to base 14.
96378
20012222011220 (base 3) to base 13
8b9b00
What is -90817 (base 12) in base 13?
-6762a
What is -3414a9 (base 11) in base 3?
-1000121202020
What is 11430304441 (base 5) in base 3?
221110011122221
b4440 (base 13) to base 12
13739b
Convert -41640 (base 8) to base 5.
-1023222
What is -4101340 (base 5) in base 2?
-10000000100110101
Convert -130824 (base 9) to base 10.
-79402
Convert 1633331 (base 8) to base 11.
2a3242
Convert -63040540 (base 7) to base 3.
-100222110211111
What is 2a24bc (base 13) in base 14?
1cc87b
What is -112221120 (base 4) in base 6?
-1553240
-107146 (base 9) to base 11
-44322
-264641 (base 7) to base 6
-1022055
Convert 30032113013 (base 4) to base 9.
6023732
What is -19e105 (base 15) in base 9?
-2333715
What is -1022389 (base 10) in base 5?
-230204024
What is -23110 (base 5) in base 8?
-3167
What is -352cab (base 13) in base 15?
-19e467
Convert 729868 (base 11) to base 4.
10131203330
3872b (base 15) to base 8
540413
Convert -14134144 (base 5) to base 3.
-21102111212
What is 12011101212 (base 3) in base 10?
101624
2b6409 (base 15) to base 9
3845220
What is -ba8269 (base 12) in base 3?
-12120022120200
What is -1141352 (base 9) in base 10?
-617753
402840 (base 10) to base 5
100342330
a599 (base 14) to base 4
12332023
Convert -9892 (base 11) to base 13.
-5c29
-3a1501 (base 11) to base 4
-2122023030
Convert -1010000101110001011 (base 2) to base 14.
-886cb
What is 62158 (base 11) in base 13?
32384
-111010110100001 (base 2) to base 16
-75a1
31245320 (base 6) to base 5
213032100
307381 (base 9) to base 14
4a766
662732a (base 11) to base 2
101100011000011111101010
Convert 22302303 (base 4) to base 11.
30242
What is -29626 (base 11) in base 2?
-1010010000011111
What is 26308 (base 14) in base 7?
540511
698545 (base 13) to base 8
11431165
-1011010111000110001 (base 2) to base 12
-15b529
What is -1127707 (base 8) in base 14?
-7dd0b
Convert e0ce8 (base 15) to base 8.
2555764
What is -2e64e4 (base 15) in base 12?
-905514
Convert 10336210 (base 7) to base 2.
11010111101010000010
Convert 10058461 (base 9) to base 11.
27a3913
Convert 13436311 (base 7) to base 12.
50523a
What is -22290 (base 14) in base 4?
-110032112
Convert -15755868 (base 9) to base 16.
-7866f5
100301311 (base 4) to base 12
33931
Convert 1011101111101111001001 (base 2) to base 6.
145555053
-bbce26 (base 15) to base 11
-5066045
What is 5f5aa (base 16) in base 10?
390570
What is -163 (base 9) in base 2?
-10001010
-11000101010111100 (base 2) to base 9
-163550
Convert 15142244 (base 6) to base 7.
4322410
Convert -628114 (base 9) to base 4.
-1123021132
Convert -1330313 (base 10) to base 2.
-101000100110010001001
Convert 1355648 (base 13) to base 9.
12420465
What is 106301 (base 16) in base 9?
2016125
What is -274242 (base 10) in base 2?
-1000010111101000010
What is -2629045 (base 10) in base 8?
-12016665
Convert 6b9db (base 15) to base 5.
41434411
What is -2012120210212 (base 3) in base 2?
-100011110010101010110
What is 184a8 (base 14) in base 2?
1110111101110100
-10011122021 (base 3) to base 14
-18a75
Convert -1033111131 (base 5) to base 12.
-8bb383
Convert -77a055 (base 16) to base 13.
-181656a
Convert -146544 (base 8) to base 5.
-3140310
Convert -2406452 (base 8) to base 3.
-1020110121102
Convert 3023351 (base 6) to base 10.
143347
Convert -112202000102111 (base 3) to base 13.
-1813ab6
What is 26c77 (base 14) in base 4?
113120021
Convert 42684 (base 13) to base 15.
25740
101110010010000111001111 (base 2) to base 4
232102013033
What is -62e8d (base 15) in base 14?
-824d1
-1406661 (base 8) to base 11
-251076
9968c (base 16) to base 10
628364
Convert -d30c2 (base 16) to base 3.
-1121220210200
What is 198843 (base 10) in base 16?
308bb
What is 10010010000111110111 (base 2) in base 13?
17c56c
What is 1001100011110001000010 (base 2) in base 15?
3476ce
Convert 57b8 (base 16) to base 12.
10bb4
What is -527766 (base 8) in base 9?
-2